 is divided by r(-2).
24
Suppose 5*y = -5*m + 113 + 57, 0 = -2*m - y + 63. Let t = -2200 + 2217. What is the remainder when m is divided by t?
12
Let h = -115 - -14. Let k = 72 + h. Let u = k - -54. What is the remainder when u is divided by 13?
12
Let q(r) = -19*r + 277. Calculate the remainder when 106 is divided by q(14).
7
Suppose 5*z + 4*n = 291, -4*z + 237 = -0*n - n. What is the remainder when z is divided by 21?
17
Let g = 74 + -66. Suppose -19 + g = -r. What is the remainder when 18 is divided by r?
7
What is the remainder when (-2046)/(-10) + 9 + 3/(-5) is divided by 22?
15
Let j = -11 + 48. Suppose 4*z = 27 + j. What is the remainder when ((-7)/(-21))/((-9)/(-783)) is divided by z?
13
Let n = 5 - 10. Let z = n - -10. Let w(r) = -r**2 + 9*r + 5. What is the remainder when w(8) is divided by z?
3
Suppose 6*m = 3*p - 258, 34*p - m - 372 = 30*p. What is the remainder when 561 is divided by p?
91
Let t = 576 + -554. Calculate the remainder when t is divided by (-60)/45*(-7 - -1).
6
What is the remainder when 142 is divided by -1 - (-188)/6 - 32/24?
26
Suppose 46 = y - 0*i + 4*i, 81 = 2*y - 3*i. Calculate the remainder when 80 is divided by y.
38
Let t = -11 + 17. Suppose -2*b - 2*b + 396 = 14*b. What is the remainder when b is divided by t?
4
Let a(k) = 8*k + 93. Calculate the remainder when 50 is divided by a(-10).
11
Suppose -3*x + 2 + 3 = w, 5*w = -2*x + 51. Let b = w + -4. Suppose -12 = -b*y + 4*y. Calculate the remainder when 6 is divided by y.
2
Suppose 56*y - 50*y = 1338. Suppose -8*j + y = -161. What is the remainder when j is divided by 19?
10
Let i = 49 - 28. Let r(v) = v + v - v - 3*v**2 - 1 - v**3. Calculate the remainder when i is divided by r(-4).
10
Let l = -45 - -47. Let h = l - -25. Calculate the remainder when h is divided by 14.
13
Let y(a) = 2 - 17 - 69*a**2 - 5*a + 80*a**2 + a**3. What is the remainder when y(-10) is divided by 46?
43
Let i(j) = 1 + 1 - 1 - 4 + 7*j. Let n be i(4). Suppose u - 1 = -6, p = 4*u + n. What is the remainder when 23 is divided by p?
3
Suppose 2*f = f + 5. Suppose j = 3*i + 39, 3*i + 0*j + 39 = f*j. What is the remainder when 36 is divided by (-5)/(-1)*i/(-5)?
10
Suppose 33*d - 10375 = 9821. Calculate the remainder when d is divided by 77.
73
Let z(o) = 5*o - 6. Suppose -3*s + 15 = b, 3*s + 2*s + 4*b - 25 = 0. Let y(a) = -a**3 - 5*a**2 - 3*a - 4. What is the remainder when z(s) is divided by y(-5)?
8
Suppose j - 2631 = -5*d, -2*j - 1398 - 178 = -3*d. Suppose 0*s = -2*z + 2*s + 208, d = 5*z + s. What is the remainder when z is divided by 36?
33
Suppose -3*g - 26 = 1. Let p = 16 + g. Let s(l) = -l + 1. What is the remainder when p is divided by s(-3)?
3
Suppose 4*h = 5*h + k - 246, -10 = -5*k. Calculate the remainder when h is divided by 19.
16
Let t(r) = -22*r + 43. What is the remainder when t(-2) is divided by 8?
7
What is the remainder when 60 is divided by (2/(-5))/((-2)/210 + 0)?
18
Let o(q) = q**2 + 4*q + 2. Let s be o(-4). Let m(d) = 4*d**s - 3*d**2 - 2*d**2 + 6*d. What is the remainder when 24 is divided by m(5)?
4
Let k(q) = 4*q**2 - q + 13. What is the remainder when k(6) is divided by 11?
8
Let w(y) = 27*y - 1. Let l be w(1). Suppose -5*a + 14 + l = 0. Calculate the remainder when 46 is divided by a.
6
Suppose 107 = l - 0*l - 5*p, 3*p + 297 = 3*l. Suppose 127*q - 2325 = 850. What is the remainder when l is divided by q?
22
Suppose 0 = 12*d + 409 - 2305. What is the remainder when d is divided by 11?
4
What is the remainder when (-3)/(-8) - (15813/24)/(-3) is divided by 92?
36
Calculate the remainder when 76 is divided by (15/20)/((-4)/(-16)).
1
Suppose 0 = -b + 5*b - 56. Let g(i) be the third derivative of 7*i**4/12 - i**3/2 - 7*i**2. What is the remainder when g(4) is divided by b?
11
Suppose -5*a + 280 = -2*w, -2*a + 112 = -3*w - w. What is the remainder when a is divided by 23?
10
Calculate the remainder when 38 + (7 - 1) + -4 is divided by ((-28)/3)/(4/(-6)).
12
Suppose -6*x + 9*x - 60 = 0. Calculate the remainder when 53 is divided by x.
13
Let n(u) = 2*u**2 + 3*u - 1. Calculate the remainder when 48 is divided by n(-4).
10
Let v(m) = -m**3 + 42*m**2 + 52*m - 360. What is the remainder when 27 is divided by v(43)?
0
Let k(c) = -c**3 + 5*c**2 - 2*c + 1. Suppose 0 = -2*p + 12 - 4. Calculate the remainder when k(p) is divided by 3.
0
Let k be (-18)/(-5) - (-2)/5. Suppose 17 = -k*o + 53. What is the remainder when o/(-1)*16/(-6) is divided by 9?
6
Suppose -4*f = 4*u - 332, -237 = -3*f + 2*u + u. Calculate the remainder when f is divided by (10 + -9)/(2/28).
11
Let x be -6*(2 + -8 + 4). Suppose 9*q = x*q - 138. Calculate the remainder when q is divided by ((-4)/10)/(6/(-180)).
10
Let q be 4/24*(0 + 6). Let b be -31*(2 + q)/(-3). Let v = b - -11. Calculate the remainder when v is divided by 22.
20
Let l = 5 + -3. Suppose -25 = 2*o + 5*i - 9, o - 10 = l*i. Suppose -5*h = -58 - o. Calculate the remainder when 45 is divided by h.
9
Suppose 4*k + 0*k - 2*z - 118 = 0, -53 = -2*k - z. Calculate the remainder when 104 is divided by k.
20
Suppose 2*w + 5*u + 12 = -28, 4*u - 14 = 3*w. Let b = w + 11. Suppose -b = 5*j - 21. Calculate the remainder when 9 is divided by j.
1
Let w(b) = -41*b - 1. What is the remainder when (-3)/(5 + 2097/(-348) - -1) is divided by w(-1)?
36
Suppose 36*p + 238 = 53*p. Calculate the remainder when 43 is divided by p.
1
Let l = 31 + -16. Suppose 226 = 8*v - 246. Calculate the remainder when v is divided by l.
14
Suppose b + b = z + 23, 0 = 3*b - 5*z - 24. Let y(g) = 31 - 2*g + b + g. What is the remainder when y(0) is divided by 23?
21
Let d = 351 + -228. Suppose 5*j = 19 + 71. What is the remainder when d is divided by j?
15
Let d(k) = -k**3 - k**2 + k - 59. Let v be d(0). Let u = v + 84. What is the remainder when 74 is divided by u?
24
Suppose 9*q = 13*q - 20. Let x(n) = n**3 - 4*n**2 - 5. What is the remainder when 177 is divided by x(q)?
17
Let m(k) = -2*k + 13. What is the remainder when 394 is divided by m(1)?
9
Let c(o) = 17*o**2 - 4*o - 2. Let s be 6/(-45)*-5*6. Let u be (-1 + 3)*s/(-8). What is the remainder when 74 is divided by c(u)?
17
Let m(s) = s**2 + 10*s + 22. Suppose 4*w - 4*o + 4 = -40, -o + 2 = 0. Calculate the remainder when 61 is divided by m(w).
9
Let m(u) = -5*u + 14 - u**3 - u**2 - 8 + 10*u - 2*u**2. Let f be m(-4). Suppose -3*h = f - 26. What is the remainder when 21 is divided by h?
5
Suppose 0 = 4*y + d - 80, -58 = -2*y + d + 3*d. Suppose -6*o - y = -7*o. What is the remainder when 60 is divided by o?
18
Let s = 23 + -9. Suppose -13*r = -11*r - 50. What is the remainder when r is divided by s?
11
Suppose 5*n - 496 = -176. Let h(p) = 308*p**2 + 55. Let j(x) = 22*x**2 + 4. Let k(c) = 4*h(c) - 55*j(c). What is the remainder when n is divided by k(1)?
20
Let j = -266 - -190. Let q = j - -234. Suppose 3*b + n = q, 4*n = 1 - 17. Calculate the remainder when b is divided by 14.
12
Let x = 1397 - 1363. What is the remainder when 264 is divided by x?
26
Suppose -5*b = 2*s + 19, 17 = -3*s - 2*b + 5. Calculate the remainder when (s/6)/((-1)/51) is divided by 10.
7
Let v(h) = -h + 8. Let x be v(-8). Let l = -4 + x. Suppose d = 2*d - l. What is the remainder when 34 is divided by d?
10
Suppose 5*p = 6*p - 64. Suppose -l = -2*s - p, s + 66 = l - 3. What is the remainder when (1 - -2)/3*l is divided by 25?
24
Let j(h) = -h**3 - 30*h**2 - 28*h - 20. Let i be j(-29). Calculate the remainder when 37 is divided by ((-126)/i)/(6/56).
13
Suppose -4*t + 3*a + 129 = -0*t, -7*a = -2*t + 59. Calculate the remainder when t is divided by 23.
10
Let q(v) = -v**2 - 2*v + 3. Let a be q(-6). Let o = -120 + 149. Let k = o + a. Calculate the remainder when 21 is divided by k.
5
Suppose a = -1, -19*w + 21*w + 3*a = 29. Let f(s) = 2*s**3 - s**2 - s. What is the remainder when f(3) is divided by w?
10
Let o(k) = 0*k**2 + 2*k**2 + 10 - 10*k + k**2 - 2*k**2. What is the remainder when (114/(-4))/(6/(-8)) is divided by o(10)?
8
Suppose 15 = 3*k + 2*k. Let a = -67 - -78. Calculate the remainder when a is divided by k.
2
Let g be (110/(-33))/((-4)/6). Suppose -2*d - 15 = -g*d. What is the remainder when 73 is divided by -20*3/(-12)*d?
23
Suppose 0 = -2*d + 4*d + 8, 2*c - 14 = 3*d. Suppose 2*k + 0 = 40. Calculate the remainder when 232/4 - (c + -2) is divided by k.
19
Let 